{"id":934,"date":"2018-10-17T18:17:10","date_gmt":"2018-10-17T15:17:10","guid":{"rendered":"http:\/\/www.disquitos.fi\/kbu\/?page_id=934"},"modified":"2019-07-15T11:36:34","modified_gmt":"2019-07-15T08:36:34","slug":"2018-2","status":"publish","type":"page","link":"https:\/\/www.disquitos.fi\/kbu\/tulokset\/2018-2\/","title":{"rendered":"2018"},"content":{"rendered":"<p><strong>Sijoitukset:<\/strong><\/p>\n<ol>\n<li>Villit Vinkut<\/li>\n<li>Kiven Kovat<\/li>\n<li>Orvot Opossumit<\/li>\n<li>Good Game<\/li>\n<li>Villit Viikarit<\/li>\n<li>Pinkki Paholainen<\/li>\n<li>Vallattomat Vonkaleet<\/li>\n<li>Liitolaivue<\/li>\n<\/ol>\n<div id=\"attachment_945\" style=\"width: 750px\" class=\"wp-caption alignleft\"><img loading=\"lazy\" decoding=\"async\" aria-describedby=\"caption-attachment-945\" class=\"size-large wp-image-945\" src=\"http:\/\/www.disquitos.fi\/kbu\/wp-content\/uploads\/2018\/10\/kbu2018_voittajat-1-1024x517.jpg\" alt=\"\" width=\"750\" height=\"379\" srcset=\"https:\/\/www.disquitos.fi\/kbu\/wp-content\/uploads\/2018\/10\/kbu2018_voittajat-1-1024x517.jpg 1024w, https:\/\/www.disquitos.fi\/kbu\/wp-content\/uploads\/2018\/10\/kbu2018_voittajat-1-300x152.jpg 300w, https:\/\/www.disquitos.fi\/kbu\/wp-content\/uploads\/2018\/10\/kbu2018_voittajat-1-768x388.jpg 768w\" sizes=\"auto, (max-width: 750px) 100vw, 750px\" \/><p id=\"caption-attachment-945\" class=\"wp-caption-text\">KBU&#8217;18 Mestarit<\/p><\/div>\n<p><strong>Spiritit:<\/strong><\/p>\n<ol>\n<li>Liitolaivue (14,33 pts\/peli)<\/li>\n<li>Kiven Kovat (13,20 pts\/peli)<\/li>\n<li>Pinkki Paholainen (12,50 pts\/peli)<\/li>\n<li>Vallattomat Vonkaleet (12,33 pts\/peli)<\/li>\n<li>Orvot Opossiumit (12,17 pts\/peli)<\/li>\n<li>Villit Viikarit (11,83 pts\/peli)<\/li>\n<li>Good Game (11,67 pts\/peli)<\/li>\n<li>Villit Vinkut (11,60 pts\/peli)<\/li>\n<\/ol>\n<div id=\"attachment_944\" style=\"width: 750px\" class=\"wp-caption alignleft\"><img loading=\"lazy\" decoding=\"async\" aria-describedby=\"caption-attachment-944\" class=\"wp-image-944 size-large\" src=\"http:\/\/www.disquitos.fi\/kbu\/wp-content\/uploads\/2018\/10\/kbu2018_spirit-1024x413.jpg\" alt=\"\" width=\"750\" height=\"302\" srcset=\"https:\/\/www.disquitos.fi\/kbu\/wp-content\/uploads\/2018\/10\/kbu2018_spirit-1024x413.jpg 1024w, https:\/\/www.disquitos.fi\/kbu\/wp-content\/uploads\/2018\/10\/kbu2018_spirit-300x121.jpg 300w, https:\/\/www.disquitos.fi\/kbu\/wp-content\/uploads\/2018\/10\/kbu2018_spirit-768x309.jpg 768w\" sizes=\"auto, (max-width: 750px) 100vw, 750px\" \/><p id=\"caption-attachment-944\" class=\"wp-caption-text\">Spirit-voittajien on helppo hymyill\u00e4!<\/p><\/div>\n<p>&nbsp;<\/p>\n<h3><strong><span style=\"text-decoration: underline;\">JOUKKUEET<\/span><\/strong><\/h3>\n<div id=\"attachment_942\" style=\"width: 750px\" class=\"wp-caption alignleft\"><img loading=\"lazy\" decoding=\"async\" aria-describedby=\"caption-attachment-942\" class=\"size-large wp-image-942\" src=\"http:\/\/www.disquitos.fi\/kbu\/wp-content\/uploads\/2018\/10\/kbu2018_vinkut-1024x768.jpg\" alt=\"\" width=\"750\" height=\"563\" srcset=\"https:\/\/www.disquitos.fi\/kbu\/wp-content\/uploads\/2018\/10\/kbu2018_vinkut-1024x768.jpg 1024w, https:\/\/www.disquitos.fi\/kbu\/wp-content\/uploads\/2018\/10\/kbu2018_vinkut-300x225.jpg 300w, https:\/\/www.disquitos.fi\/kbu\/wp-content\/uploads\/2018\/10\/kbu2018_vinkut-768x576.jpg 768w, https:\/\/www.disquitos.fi\/kbu\/wp-content\/uploads\/2018\/10\/kbu2018_vinkut.jpg 1600w\" sizes=\"auto, (max-width: 750px) 100vw, 750px\" \/><p id=\"caption-attachment-942\" class=\"wp-caption-text\">Villit Vinkut<\/p><\/div>\n<p>&nbsp;<\/p>\n<p>Markku kulmunki<br \/>\nJuha Salmi<br \/>\nVeli-Matti Salo<br \/>\nSimo Kokkola<br \/>\nSami Tuominen<br \/>\nAhnaf Ahmad<br \/>\nMira Salo<br \/>\nElli Hirvonen<\/p>\n<div id=\"attachment_938\" style=\"width: 750px\" class=\"wp-caption alignleft\"><img loading=\"lazy\" decoding=\"async\" aria-describedby=\"caption-attachment-938\" class=\"size-large wp-image-938\" src=\"http:\/\/www.disquitos.fi\/kbu\/wp-content\/uploads\/2018\/10\/kbu2018_kivenkovat-1024x768.jpg\" alt=\"\" width=\"750\" height=\"563\" srcset=\"https:\/\/www.disquitos.fi\/kbu\/wp-content\/uploads\/2018\/10\/kbu2018_kivenkovat-1024x768.jpg 1024w, https:\/\/www.disquitos.fi\/kbu\/wp-content\/uploads\/2018\/10\/kbu2018_kivenkovat-300x225.jpg 300w, https:\/\/www.disquitos.fi\/kbu\/wp-content\/uploads\/2018\/10\/kbu2018_kivenkovat-768x576.jpg 768w\" sizes=\"auto, (max-width: 750px) 100vw, 750px\" \/><p id=\"caption-attachment-938\" class=\"wp-caption-text\">Kiven Kovat<\/p><\/div>\n<p>&nbsp;<\/p>\n<p>Jali Veranen<br \/>\nEero Metso<br \/>\nEsa T\u00f6rmikoski<br \/>\nTommi Laaksonen<br \/>\nTero Saastamoinen<br \/>\nJonna Myllym\u00e4ki<br \/>\nKaisa Vihervaara<\/p>\n<div id=\"attachment_947\" style=\"width: 750px\" class=\"wp-caption alignleft\"><img loading=\"lazy\" decoding=\"async\" aria-describedby=\"caption-attachment-947\" class=\"size-large wp-image-947\" src=\"http:\/\/www.disquitos.fi\/kbu\/wp-content\/uploads\/2018\/10\/kbu2018_orvot-1024x776.jpg\" alt=\"\" width=\"750\" height=\"568\" srcset=\"https:\/\/www.disquitos.fi\/kbu\/wp-content\/uploads\/2018\/10\/kbu2018_orvot-1024x776.jpg 1024w, https:\/\/www.disquitos.fi\/kbu\/wp-content\/uploads\/2018\/10\/kbu2018_orvot-300x227.jpg 300w, https:\/\/www.disquitos.fi\/kbu\/wp-content\/uploads\/2018\/10\/kbu2018_orvot-768x582.jpg 768w\" sizes=\"auto, (max-width: 750px) 100vw, 750px\" \/><p id=\"caption-attachment-947\" class=\"wp-caption-text\">Orvot Opossumit<\/p><\/div>\n<p>Aarni Nagy<br \/>\nVille Tuhkanen<br \/>\nJoska Hieta<br \/>\nJoel H\u00e4m\u00e4l\u00e4inen<br \/>\nTuomas Krook<br \/>\nGetten<br \/>\nSaija Karvonen<\/p>\n<div id=\"attachment_937\" style=\"width: 750px\" class=\"wp-caption alignleft\"><img loading=\"lazy\" decoding=\"async\" aria-describedby=\"caption-attachment-937\" class=\"size-large wp-image-937\" src=\"http:\/\/www.disquitos.fi\/kbu\/wp-content\/uploads\/2018\/10\/kbu2018_gg-1024x768.jpg\" alt=\"\" width=\"750\" height=\"563\" srcset=\"https:\/\/www.disquitos.fi\/kbu\/wp-content\/uploads\/2018\/10\/kbu2018_gg-1024x768.jpg 1024w, https:\/\/www.disquitos.fi\/kbu\/wp-content\/uploads\/2018\/10\/kbu2018_gg-300x225.jpg 300w, https:\/\/www.disquitos.fi\/kbu\/wp-content\/uploads\/2018\/10\/kbu2018_gg-768x576.jpg 768w, https:\/\/www.disquitos.fi\/kbu\/wp-content\/uploads\/2018\/10\/kbu2018_gg.jpg 1600w\" sizes=\"auto, (max-width: 750px) 100vw, 750px\" \/><p id=\"caption-attachment-937\" class=\"wp-caption-text\">Good Game<\/p><\/div>\n<p>Juha Santtila<br \/>\nValtteri Kangasm\u00e4ki<br \/>\nMiikka Keski-S\u00e4ntti<br \/>\nTero Kontkanen<br \/>\nTeemu Pesonen<br \/>\nTinka Gylling<br \/>\nKati-Mari Kakko<br \/>\nSatu Huttunen<\/p>\n<div id=\"attachment_941\" style=\"width: 750px\" class=\"wp-caption alignleft\"><img loading=\"lazy\" decoding=\"async\" aria-describedby=\"caption-attachment-941\" class=\"size-large wp-image-941\" src=\"http:\/\/www.disquitos.fi\/kbu\/wp-content\/uploads\/2018\/10\/kbu2018_viikarit-1024x768.jpg\" alt=\"\" width=\"750\" height=\"563\" srcset=\"https:\/\/www.disquitos.fi\/kbu\/wp-content\/uploads\/2018\/10\/kbu2018_viikarit-1024x768.jpg 1024w, https:\/\/www.disquitos.fi\/kbu\/wp-content\/uploads\/2018\/10\/kbu2018_viikarit-300x225.jpg 300w, https:\/\/www.disquitos.fi\/kbu\/wp-content\/uploads\/2018\/10\/kbu2018_viikarit-768x576.jpg 768w\" sizes=\"auto, (max-width: 750px) 100vw, 750px\" \/><p id=\"caption-attachment-941\" class=\"wp-caption-text\">Villit Viikarit<\/p><\/div>\n<p>Kari Tolonen<br \/>\nJerry Savolainen<br \/>\nLasse Kaaos<br \/>\nOlli Huotari<br \/>\nJukka Piesk\u00e4<br \/>\nJasmiina Salmela<br \/>\nSini Kokkonen<br \/>\nYufei<\/p>\n<div id=\"attachment_940\" style=\"width: 750px\" class=\"wp-caption alignleft\"><img loading=\"lazy\" decoding=\"async\" aria-describedby=\"caption-attachment-940\" class=\"size-large wp-image-940\" src=\"http:\/\/www.disquitos.fi\/kbu\/wp-content\/uploads\/2018\/10\/kbu2018_pinkki-1024x768.jpg\" alt=\"\" width=\"750\" height=\"563\" srcset=\"https:\/\/www.disquitos.fi\/kbu\/wp-content\/uploads\/2018\/10\/kbu2018_pinkki-1024x768.jpg 1024w, https:\/\/www.disquitos.fi\/kbu\/wp-content\/uploads\/2018\/10\/kbu2018_pinkki-300x225.jpg 300w, https:\/\/www.disquitos.fi\/kbu\/wp-content\/uploads\/2018\/10\/kbu2018_pinkki-768x576.jpg 768w\" sizes=\"auto, (max-width: 750px) 100vw, 750px\" \/><p id=\"caption-attachment-940\" class=\"wp-caption-text\">Pinkki Paholainen<\/p><\/div>\n<p>Jimi Airistola<br \/>\nIlari Nurmela<br \/>\nJuha Julkunen<br \/>\nAntti Savolainen<br \/>\nAleksi Postila<br \/>\nEmmastiina Salmela<br \/>\nSaara P\u00e4\u00e4kk\u00f6nen<\/p>\n<p><strong>Vallattomat Vonkaleet<\/strong><\/p>\n<p>Janne Havinen<br \/>\nJoonas Tamminen<br \/>\nVille Arvio<br \/>\nLauri Raittila<br \/>\nJari T<br \/>\nTimo Sulkala<br \/>\nEmmi Forsman<br \/>\nAnna-Maria Niemel\u00e4<\/p>\n<div id=\"attachment_939\" style=\"width: 750px\" class=\"wp-caption alignleft\"><img loading=\"lazy\" decoding=\"async\" aria-describedby=\"caption-attachment-939\" class=\"size-large wp-image-939\" src=\"http:\/\/www.disquitos.fi\/kbu\/wp-content\/uploads\/2018\/10\/kbu2018_liitolaivue-768x1024.jpg\" alt=\"\" width=\"750\" height=\"1000\" srcset=\"https:\/\/www.disquitos.fi\/kbu\/wp-content\/uploads\/2018\/10\/kbu2018_liitolaivue-768x1024.jpg 768w, https:\/\/www.disquitos.fi\/kbu\/wp-content\/uploads\/2018\/10\/kbu2018_liitolaivue-225x300.jpg 225w, https:\/\/www.disquitos.fi\/kbu\/wp-content\/uploads\/2018\/10\/kbu2018_liitolaivue.jpg 1200w\" sizes=\"auto, (max-width: 750px) 100vw, 750px\" \/><p id=\"caption-attachment-939\" class=\"wp-caption-text\">Liitolaivue<\/p><\/div>\n<p>Tapio Moilanen<br \/>\nMiikka Sulonen<br \/>\nJussi H\u00e4llstr\u00f6m<br \/>\nNiko P\u00e4\u00e4kk\u00f6nen<br \/>\nHannes Saraj\u00e4rvi<br \/>\nElisa Pursiainen<br \/>\nPauliina Ounila<\/p>\n<h3><span style=\"text-decoration: underline;\"><strong>PELIT<\/strong><\/span><\/h3>\n<p><strong>Lohko A<\/strong><\/p>\n<table>\n<tbody>\n<tr>\n<td width=\"170\"><\/td>\n<td width=\"83\"><\/td>\n<td width=\"127\">Voitot<\/td>\n<td width=\"130\">Tappiot<\/td>\n<td width=\"132\">Maaliero<\/td>\n<\/tr>\n<tr>\n<td width=\"170\">Orvot Oposumit<\/td>\n<td width=\"83\">A1<\/td>\n<td width=\"127\">3<\/td>\n<td width=\"130\">0<\/td>\n<td width=\"132\">+13<\/td>\n<\/tr>\n<tr>\n<td width=\"170\">Good Game<\/td>\n<td width=\"83\">A2<\/td>\n<td width=\"127\">1<\/td>\n<td width=\"130\">2<\/td>\n<td width=\"132\">-4<\/td>\n<\/tr>\n<tr>\n<td width=\"170\">Villit Viikarit<\/td>\n<td width=\"83\">A3<\/td>\n<td width=\"127\">1<\/td>\n<td width=\"130\">2<\/td>\n<td width=\"132\">-5<\/td>\n<\/tr>\n<tr>\n<td width=\"170\">Pinkki Paholainen<\/td>\n<td width=\"83\">A4<\/td>\n<td width=\"127\">1<\/td>\n<td width=\"130\">2<\/td>\n<td width=\"132\">-7<\/td>\n<\/tr>\n<\/tbody>\n<\/table>\n<table>\n<tbody>\n<tr>\n<td width=\"214\"><\/td>\n<td width=\"214\"><\/td>\n<td width=\"214\">Tulos<\/td>\n<\/tr>\n<tr>\n<td width=\"214\">Pinkki Paholainen<\/td>\n<td width=\"214\">Orvot Oposumit<\/td>\n<td width=\"214\">2 &#8211; 7<\/td>\n<\/tr>\n<tr>\n<td width=\"214\">Villit Viikarit<\/td>\n<td width=\"214\">Good Game<\/td>\n<td width=\"214\">6 &#8211; 4<\/td>\n<\/tr>\n<tr>\n<td width=\"214\">Good Game<\/td>\n<td width=\"214\">Pinkki Paholainen<\/td>\n<td width=\"214\">7 &#8211; 4<\/td>\n<\/tr>\n<tr>\n<td width=\"214\">Orvot Oposumit<\/td>\n<td width=\"214\">Villit Viikarit<\/td>\n<td width=\"214\">10 &#8211; 4<\/td>\n<\/tr>\n<tr>\n<td width=\"214\">Pinkki Paholainen<\/td>\n<td width=\"214\">Villit Viikarit<\/td>\n<td width=\"214\">6 &#8211; 5<\/td>\n<\/tr>\n<tr>\n<td width=\"214\">Good Game<\/td>\n<td width=\"214\">Orvot Oposumit<\/td>\n<td width=\"214\">4 &#8211; 6<\/td>\n<\/tr>\n<\/tbody>\n<\/table>\n<p><strong>Lohko B<\/strong><\/p>\n<table>\n<tbody>\n<tr>\n<td width=\"190\"><\/td>\n<td width=\"83\"><\/td>\n<td width=\"92\">Voitot<\/td>\n<td width=\"137\">Tappiot<\/td>\n<td width=\"139\">Maaliero<\/td>\n<\/tr>\n<tr>\n<td width=\"190\">Kiven Kovat<\/td>\n<td width=\"83\">B1<\/td>\n<td width=\"92\">2<\/td>\n<td width=\"137\">1<\/td>\n<td width=\"139\">+8<\/td>\n<\/tr>\n<tr>\n<td width=\"190\">Villit Vinkut<\/td>\n<td width=\"83\">B2<\/td>\n<td width=\"92\">2<\/td>\n<td width=\"137\">1<\/td>\n<td width=\"139\">+2<\/td>\n<\/tr>\n<tr>\n<td width=\"190\">Vallattomat Vonkaleet<\/td>\n<td width=\"83\">B3<\/td>\n<td width=\"92\">2<\/td>\n<td width=\"137\">1<\/td>\n<td width=\"139\">+1<\/td>\n<\/tr>\n<tr>\n<td width=\"190\">Liitolaivue<\/td>\n<td width=\"83\">B4<\/td>\n<td width=\"92\">0<\/td>\n<td width=\"137\">3<\/td>\n<td width=\"139\">-11<\/td>\n<\/tr>\n<\/tbody>\n<\/table>\n<table>\n<tbody>\n<tr>\n<td width=\"214\"><\/td>\n<td width=\"214\"><\/td>\n<td width=\"214\">Tulos<\/td>\n<\/tr>\n<tr>\n<td width=\"214\">Liitolaivue<\/td>\n<td width=\"214\">Vallattomat Vonkaleet<\/td>\n<td width=\"214\">5 &#8211; 7<\/td>\n<\/tr>\n<tr>\n<td width=\"214\">Villit Vinkut<\/td>\n<td width=\"214\">Kiven Kovat<\/td>\n<td width=\"214\">6 &#8211; 4<\/td>\n<\/tr>\n<tr>\n<td width=\"214\">Kiven Kovat<\/td>\n<td width=\"214\">Liitolaivue<\/td>\n<td width=\"214\">9 &#8211; 1<\/td>\n<\/tr>\n<tr>\n<td width=\"214\">Vallattomat Vonkaleet<\/td>\n<td width=\"214\">Villit Vinkut<\/td>\n<td width=\"214\">6 &#8211; 5<\/td>\n<\/tr>\n<tr>\n<td width=\"214\">Liitolaivue<\/td>\n<td width=\"214\">Villit Vinkut<\/td>\n<td width=\"214\">5 &#8211; 6<\/td>\n<\/tr>\n<tr>\n<td width=\"214\">Kiven Kovat<\/td>\n<td width=\"214\">Vallattomat Vonkaleet<\/td>\n<td width=\"214\">4 &#8211; 2<\/td>\n<\/tr>\n<\/tbody>\n<\/table>\n<p><strong>Jatkopelit 1. kierros<\/strong><\/p>\n<table>\n<tbody>\n<tr>\n<td width=\"35\"><\/td>\n<td width=\"31\"><\/td>\n<td width=\"227\">Joukkue<\/td>\n<td width=\"38\"><\/td>\n<td width=\"215\">Joukkue<\/td>\n<td width=\"97\">Tulos<\/td>\n<\/tr>\n<tr>\n<td width=\"35\">P1<\/td>\n<td width=\"31\">A1<\/td>\n<td width=\"227\">Orvot Oposumit<\/td>\n<td width=\"38\">B4<\/td>\n<td width=\"215\">Liitolaivue<\/td>\n<td width=\"97\">11-1<\/td>\n<\/tr>\n<tr>\n<td width=\"35\">P2<\/td>\n<td width=\"31\">A2<\/td>\n<td width=\"227\">Good Game<\/td>\n<td width=\"38\">B3<\/td>\n<td width=\"215\">Vallattomat Vonkaleet<\/td>\n<td width=\"97\">8-4<\/td>\n<\/tr>\n<tr>\n<td width=\"35\">P3<\/td>\n<td width=\"31\">B1<\/td>\n<td width=\"227\">Kiven Kovat<\/td>\n<td width=\"38\">A4<\/td>\n<td width=\"215\">Pinkki Paholainen<\/td>\n<td width=\"97\">7-6<\/td>\n<\/tr>\n<tr>\n<td width=\"35\">P4<\/td>\n<td width=\"31\">B2<\/td>\n<td width=\"227\">Villit Vinkut<\/td>\n<td width=\"38\">A3<\/td>\n<td width=\"215\">Villit Viikarit<\/td>\n<td width=\"97\">11-3<\/td>\n<\/tr>\n<\/tbody>\n<\/table>\n<p><strong>Jatkopelit 2. kierros<\/strong><\/p>\n<table>\n<tbody>\n<tr>\n<td width=\"30\"><\/td>\n<td width=\"39\"><\/td>\n<td width=\"222\">Joukkue<\/td>\n<td width=\"47\"><\/td>\n<td width=\"206\">Joukkue<\/td>\n<td width=\"98\">Tulos<\/td>\n<\/tr>\n<tr>\n<td width=\"30\">P5<\/td>\n<td width=\"39\">HP1<\/td>\n<td width=\"222\">Liitolaivue<\/td>\n<td width=\"47\">HP4<\/td>\n<td width=\"206\">Villit Viikarit<\/td>\n<td width=\"98\">3-9<\/td>\n<\/tr>\n<tr>\n<td width=\"30\">P6<\/td>\n<td width=\"39\">HP2<\/td>\n<td width=\"222\">Vallattomat Vonkaleet<\/td>\n<td width=\"47\">HP3<\/td>\n<td width=\"206\">Pinkki Paholainen<\/td>\n<td width=\"98\">3-8<\/td>\n<\/tr>\n<tr>\n<td width=\"30\">P7<\/td>\n<td width=\"39\">VP1<\/td>\n<td width=\"222\">Orvot Oposumit<\/td>\n<td width=\"47\">VP4<\/td>\n<td width=\"206\">Villit Vinkut<\/td>\n<td width=\"98\">4-6<\/td>\n<\/tr>\n<tr>\n<td width=\"30\">P8<\/td>\n<td width=\"39\">VP2<\/td>\n<td width=\"222\">Good Game<\/td>\n<td width=\"47\">VP3<\/td>\n<td width=\"206\">Kiven Kovat<\/td>\n<td width=\"98\">4-9<\/td>\n<\/tr>\n<\/tbody>\n<\/table>\n<p><strong>Jatkopelit 3. kierros<\/strong><\/p>\n<table style=\"height: 124px;\" width=\"584\">\n<tbody>\n<tr>\n<td width=\"37\">\u00a0Sijat<\/td>\n<td width=\"39\"><\/td>\n<td width=\"219\">Joukkue<\/td>\n<td width=\"47\"><\/td>\n<td width=\"203\">Joukkue<\/td>\n<td width=\"97\">Tulos<\/td>\n<\/tr>\n<tr>\n<td width=\"37\">7-8<\/td>\n<td width=\"39\">HP5<\/td>\n<td width=\"219\">Liitolaivue<\/td>\n<td width=\"47\">HP6<\/td>\n<td width=\"203\">Vallattomat Vonkaleet<\/td>\n<td width=\"97\"><\/td>\n<\/tr>\n<tr>\n<td width=\"37\">5-6<\/td>\n<td width=\"39\">VP5<\/td>\n<td width=\"219\">Villit Viikarit<\/td>\n<td width=\"47\">VP6<\/td>\n<td width=\"203\">Pinkki Paholainen<\/td>\n<td width=\"97\">8-7<\/td>\n<\/tr>\n<tr>\n<td width=\"37\">3-4<\/td>\n<td width=\"39\">HP7<\/td>\n<td width=\"219\">Orvot Oposumit<\/td>\n<td width=\"47\">HP8<\/td>\n<td width=\"203\">Good Game<\/td>\n<td width=\"97\">8-6<\/td>\n<\/tr>\n<tr>\n<td width=\"37\">1-2<\/td>\n<td width=\"39\">VP7<\/td>\n<td width=\"219\">Villit Vinkut<\/td>\n<td width=\"47\">VP8<\/td>\n<td width=\"203\">Kiven Kovat<\/td>\n<td width=\"97\">8-2<\/td>\n<\/tr>\n<\/tbody>\n<\/table>\n","protected":false},"excerpt":{"rendered":"<p>Sijoitukset: Villit Vinkut Kiven Kovat Orvot Opossumit Good Game Villit Viikarit Pinkki Paholainen Vallattomat Vonkaleet Liitolaivue Spiritit: Liitolaivue (14,33 pts\/peli) Kiven Kovat (13,20 pts\/peli) Pinkki Paholainen (12,50 pts\/peli) Vallattomat Vonkaleet (12,33 pts\/peli) Orvot Opossiumit (12,17 pts\/peli) Villit Viikarit (11,83 pts\/peli) Good Game (11,67 pts\/peli) Villit Vinkut (11,60 pts\/peli) &nbsp; JOUKKUEET &nbsp; Markku kulmunki Juha Salmi &hellip; <\/p>\n<p><a class=\"more-link btn\" href=\"https:\/\/www.disquitos.fi\/kbu\/tulokset\/2018-2\/\">Jatka lukemista<\/a><\/p>\n","protected":false},"author":1,"featured_media":0,"parent":130,"menu_order":93,"comment_status":"closed","ping_status":"closed","template":"","meta":{"footnotes":""},"class_list":["post-934","page","type-page","status-publish","hentry","nodate","item-wrap"],"_links":{"self":[{"href":"https:\/\/www.disquitos.fi\/kbu\/wp-json\/wp\/v2\/pages\/934","targetHints":{"allow":["GET"]}}],"collection":[{"href":"https:\/\/www.disquitos.fi\/kbu\/wp-json\/wp\/v2\/pages"}],"about":[{"href":"https:\/\/www.disquitos.fi\/kbu\/wp-json\/wp\/v2\/types\/page"}],"author":[{"embeddable":true,"href":"https:\/\/www.disquitos.fi\/kbu\/wp-json\/wp\/v2\/users\/1"}],"replies":[{"embeddable":true,"href":"https:\/\/www.disquitos.fi\/kbu\/wp-json\/wp\/v2\/comments?post=934"}],"version-history":[{"count":6,"href":"https:\/\/www.disquitos.fi\/kbu\/wp-json\/wp\/v2\/pages\/934\/revisions"}],"predecessor-version":[{"id":951,"href":"https:\/\/www.disquitos.fi\/kbu\/wp-json\/wp\/v2\/pages\/934\/revisions\/951"}],"up":[{"embeddable":true,"href":"https:\/\/www.disquitos.fi\/kbu\/wp-json\/wp\/v2\/pages\/130"}],"wp:attachment":[{"href":"https:\/\/www.disquitos.fi\/kbu\/wp-json\/wp\/v2\/media?parent=934"}],"curies":[{"name":"wp","href":"https:\/\/api.w.org\/{rel}","templated":true}]}}